housands digit of 498489?
4
What is the hundreds digit of 112356?
3
What is the ten thousands digit of 164959?
6
What is the tens digit of 519595?
9
What is the hundred thousands digit of 1258737?
2
What is the hundred thousands digit of 179818?
1
What is the millions digit of 24870521?
4
What is the tens digit of 42171463?
6
What is the tens digit of 1014108?
0
What is the millions digit of 5335127?
5
What is the tens digit of 692011?
1
What is the tens digit of 19905708?
0
What is the ten thousands digit of 219370?
1
What is the hundred thousands digit of 219594?
2
What is the tens digit of 343710?
1
What is the hundreds digit of 387405?
4
What is the units digit of 696195?
5
What is the hundreds digit of 6206091?
0
What is the ten thousands digit of 224393?
2
What is the hundreds digit of 600653?
6
What is the hundred thousands digit of 2588789?
5
What is the hundred thousands digit of 219740?
2
What is the ten thousands digit of 15294545?
9
What is the hundreds digit of 4077701?
7
What is the ten thousands digit of 2858663?
5
What is the hundred thousands digit of 370620?
3
What is the hundreds digit of 1161278?
2
What is the millions digit of 2900808?
2
What is the units digit of 286719?
9
What is the ten thousands digit of 394464?
9
What is the tens digit of 14857?
5
What is the hundred thousands digit of 5716668?
7
What is the tens digit of 7257847?
4
What is the units digit of 19591114?
4
What is the ten thousands digit of 27957?
2
What is the millions digit of 3984775?
3
What is the hundred thousands digit of 14199524?
1
What is the millions digit of 7202296?
7
What is the millions digit of 9932452?
9
What is the hundred thousands digit of 382506?
3
What is the units digit of 1868?
8
What is the hundreds digit of 769582?
5
What is the tens digit of 340882?
8
What is the hundred thousands digit of 4028952?
0
What is the tens digit of 203873?
7
What is the hundreds digit of 4889422?
4
What is the tens digit of 1385584?
8
What is the ten thousands digit of 647023?
4
What is the tens digit of 1612911?
1
What is the hundreds digit of 400818?
8
What is the hundreds digit of 184362?
3
What is the tens digit of 693723?
2
What is the units digit of 2888?
8
What is the units digit of 505275?
5
What is the tens digit of 1515848?
4
What is the tens digit of 6028208?
0
What is the tens digit of 867400?
0
What is the ten thousands digit of 860671?
6
What is the ten thousands digit of 522442?
2
What is the units digit of 119095?
5
What is the hundreds digit of 255622?
6
What is the tens digit of 359194?
9
What is the ten thousands digit of 434472?
3
What is the hundreds digit of 1117897?
8
What is the tens digit of 5029164?
6
What is the tens digit of 566251?
5
What is the hundreds digit of 596188?
1
What is the ten millions digit of 37411688?
3
What is the hundred thousands digit of 147198?
1
What is the millions digit of 1517608?
1
What is the tens digit of 85653?
5
What is the units digit of 120245?
5
What is the hundreds digit of 2018118?
1
What is the hundred thousands digit of 603804?
6
What is the hundreds digit of 42159?
1
What is the tens digit of 183092?
9
What is the tens digit of 70541?
4
What is the tens digit of 56652?
5
What is the ten millions digit of 25573258?
2
What is the thousands digit of 997466?
7
What is the hundred thousands digit of 24934787?
9
What is the units digit of 2327260?
0
What is the hundred thousands digit of 20993725?
9
What is the hundreds digit of 20154?
1
What is the thousands digit of 406151?
6
What is the thousands digit of 237956?
7
What is the tens digit of 4799140?
4
What is the hundreds digit of 6194336?
3
What is the hundreds digit of 1400092?
0
What is the thousands digit of 7013703?
3
What is the hundred thousands digit of 7614342?
6
What is the ten thousands digit of 130104?
3
What is the units digit of 5861845?
5
What is the ten thousands digit of 119696?
1
What is the ten thousands digit of 2432441?
3
What is the millions digit of 1079036?
1
What is the hundred thousands digit of 999015?
9
What is the hundreds digit of 31638049?
0
What is the units digit of 1075218?
8
What is the millions digit of 1330026?
1
What is the hundred thousands digit of 2144024?
1
What is the units digit of 304655?
5
What is the tens digit of 280757?
5
What is the ten thousands digit of 1206340?
0
What is the thousands digit of 148691?
8
What is the thousands digit of 2534968?
4
What is the hundreds digit of 269300?
3
What is the units digit of 1581247?
7
What is the hundred thousands digit of 1804233?
8
What is the thousands digit of 9876061?
6
What is the units digit of 635138?
8
What is the hundreds digit of 485137?
1
What is the millions digit of 2025771?
2
What is the tens digit of 222728?
2
What is the ten thousands digit of 917460?
1
What is the units digit of 46420?
0
What is the ten thousands digit of 6111645?
1
What is the ten thousands digit of 88532?
8
What is the units digit of 160174?
4
What is the hundreds digit of 190067?
0
What is the ten thousands digit of 12931439?
3
What is the units digit of 3052676?
6
What is the thousands digit of 168092?
8
What is the thousands digit of 518602?
8
What is the millions digit of 5424408?
5
What is the thousands digit of 783295?
3
What is the hundred thousands digit of 1024432?
0
What is the tens digit of 3103028?
2
What is the hundreds digit of 380761?
7
What is the ten thousands digit of 1068133?
6
What is the ten millions digit of 12504445?
1
What is the units digit of 6696138?
8
What is the tens digit of 12589164?
6
What is the hundreds digit of 8616063?
0
What is the thousands digit of 3813170?
3
What is the ten thousands digit of 4530696?
3
What is the hundreds digit of 10785071?
0
What is the thousands digit of 1558859?
8
What is the hundred thousands digit of 1495688?
4
What is the thousands digit of 275539?
5
What is the hundred thousands digit of 3182795?
1
What is the thousands digit of 23947337?
7
What is the thousands digit of 20664772?
4
What is the units digit of 6730305?
5
What is the tens digit of 13408685?
8
What is the tens digit of 1174104?
0
What is the millions digit of 26372687?
6
What is the ten thousands digit of 6973929?
7
What is the units digit of 404553?
3
What is the tens digit of 650798?
9
What is the units digit of 13238863?
3
What is the millions digit of 14860883?
4
What is the hundreds digit of 318836?
8
What is the millions digit of 3185649?
3
What is the tens digit of 3320066?
6
What is the ten thousands digit of 256134?
5
What is the thousands digit of 3103971?
3
What is the tens digit of 2685817?
1
What is the hundred thousands digit of 1929991?
9
What is the ten millions digit of 20322739?
2
What is the tens digit of 34247?
4
What is the hundred thousands digit of 13453702?
4
What is the tens digit of 71429?
2
What is the hundred thousands digit of 17339459?
3
What is the units digit of 589832?
2
What is the millions digit of 5773941?
5
What is the hundreds digit of 2668167?
1
What is the hundred thousands digit of 2312934?
3
What is the thousands digit of 153027?
3
What is the hundred thousands digit of 5510096?
5
What is the hundred thousands digit of 520054?
5
What is the ten thousands digit of 131900?
3
What is the hundreds digit of 19132?
1
What is the ten thousands digit of 501445?
0
What is the units digit of 9600815?
5
What is the hundred thousands digit of 945075?
9
What is the units digit of 177438?
8
What is the thousands digit of 11086023?
6
What is the thousands digit of 1376055?
6
What is the millions digit of 10013173?
0
What is the hundreds digit of 310469?
4
What is the ten thousands digit of 666185?
6
What is the hundred thousands digit of 891432?
8
What is the ten thousands digit of 90649?
9
What is the units digit of 20963107?
7
What is the hundred thousands digit of 8027201?
0
What is the ten millions digit of 30515988?
3
What is the millions digit of 24442505?
4
What is the units digit of 23395858?
8
What is the ten thousands digit of 1232500?
3
What is the hundreds digit of 748904?
9
What is the units digit of 2850728?
8
What is the millions digit of 12402108?
2
What is the hundred thousands digit of 298403?
2
What is the units digit of 41804?
4
What is the thousands digit of 8160746?
0
What is the hu